digit of c?
7
Let q = 0 + 4. Let k(p) = -7*p + 1. Let z be k(-5). Suppose -z = -4*f - q. What is the units digit of f?
8
Let q(p) = -p**2 + 13*p - 11. What is the units digit of q(12)?
1
Let l(j) = -j**2 + j - 1. Let d(n) = -3*n**2 - 7*n - 5. Let t(p) = d(p) - 2*l(p). What is the units digit of t(-6)?
5
Let m = -5 - -7. Suppose 2 = -0*a + a. Suppose -a*z = m*z - 28. What is the units digit of z?
7
Suppose 4*p - 21 = -3*g, 0 = 5*g + 3*p - 16 - 8. Let r be ((-66)/(-9))/(2/g). Let y = -7 + r. What is the units digit of y?
4
Let p = 13 - 26. Let d be 8/(-12) + (-59)/(-3). Let z = d + p. What is the units digit of z?
6
Let u(f) = -f**3 + 6*f**2 + f + 7. Let s(v) = -v**3 + 3*v**2 + 5*v + 2. Let h be s(4). What is the tens digit of u(h)?
1
Let d(l) = 4*l - 12. What is the tens digit of d(6)?
1
Suppose 0 = -i + 2*q - 3*q + 29, -4*i = 3*q - 120. Let j = i - 18. What is the tens digit of j?
1
Let u(k) = -3*k**2. Let g be u(1). What is the units digit of (-6)/(-4)*(-4)/g?
2
Let y = -1 - -5. Suppose 0 = y*b + 8, 4*b = -2*x. What is the units digit of x?
4
Suppose -73 - 197 = -2*d. What is the hundreds digit of d?
1
Suppose 164 = o + 8*x - 3*x, -4*x - 384 = -2*o. What is the tens digit of o?
8
Suppose 4*k - k - 3 = 0. Suppose 5*q = 4*m - 20, -q + 20 = 2*m + 2*m. Suppose -d - k + 8 = q. What is the units digit of d?
7
Let a(h) = -h**3 - 7*h + 110. What is the units digit of a(0)?
0
Let g = 57 + -21. What is the units digit of g?
6
Suppose 8 = -3*a + 2. Let y = 15 - a. Suppose 7 = 2*v - y. What is the tens digit of v?
1
What is the tens digit of (-168)/10*(-1 + -4)?
8
Suppose 0 = 2*b - 3*x - 98, -5*b - 2*x - 3*x + 195 = 0. What is the units digit of b?
3
Let q = 23 + 21. Suppose -u - 3*u + q = 0. What is the tens digit of u?
1
Let z = -94 - -134. What is the tens digit of z?
4
Let g(t) = 5*t**2 - t - 1. Let x be g(-1). Suppose 35 = -10*m + x*m. Let i = 12 + m. What is the units digit of i?
5
Let g(m) = -m - 1. Let o(w) = -3*w**3 - w**2 + 3*w + 4. Let k(n) = 3*g(n) + o(n). What is the units digit of k(-1)?
3
Suppose 0*k = -2*k + 2*q + 20, -66 = -5*k + q. Suppose -3*w + 15 = 0, 3*w = -2*y + 5*w + k. What is the units digit of y?
2
Let v = 5 - 0. Suppose 0 = -m + 2*m + 3*q - 16, -4*q = -v*m + 4. What is the units digit of m?
4
Suppose -2*o + m = -8, -4*o + o + 3*m = -6. Let f = o + 6. What is the tens digit of f?
1
Suppose 5*w - 27 = -3*s, 5*s - 27 - 5 = -4*w. Suppose w*l - 127 = -l + y, 4*y = 5*l - 145. What is the tens digit of l?
3
Let l = 116 - -4. What is the units digit of l?
0
What is the tens digit of (6/(-4))/(3/(-58))?
2
Suppose 6*y = 3*y - 3. What is the tens digit of ((-6)/9)/(y/21)?
1
What is the tens digit of 6/(-12) + 21/2?
1
Suppose 0 = 3*m + q - 3*q - 461, -q = 1. What is the hundreds digit of m?
1
Suppose 26 - 8 = -2*d. Let j = 13 + d. What is the units digit of j?
4
Suppose 4*x = 3*n - 15, -4*n - 5*x - 5 = -2*x. Let c = 3 - n. What is the tens digit of 11*((-1 - 0) + c)?
1
Let a(j) = 2*j - 10. Let u(q) = -q + 5. Let h(z) = -3*a(z) - 5*u(z). What is the tens digit of h(-6)?
1
Let u(c) = 4*c - 4. Let t(m) = m. Let l(y) = 3*t(y) - u(y). What is the units digit of l(-6)?
0
Suppose -2*y - 4*r + 12 + 14 = 0, r = 5. Let k = -14 + 17. Suppose 2*d = -n + d + 7, k = 5*n - y*d. What is the units digit of n?
3
Suppose i - 1 = 18. Let k = -17 + 5. Let g = i + k. What is the units digit of g?
7
Suppose -2 - 10 = -3*k. Let w(a) = a + k + 1 + 0 - 1. What is the units digit of w(9)?
3
Suppose 0*g = -4*n + g + 46, n = -4*g + 20. What is the tens digit of n?
1
Suppose -h + 6 = -1. What is the units digit of h?
7
Let d = 86 + 10. What is the tens digit of d?
9
Let o be (-30)/(-4)*(-14)/(-21). Suppose 32 = -4*w + o*w. What is the tens digit of w?
3
Let x be (-10)/(-4)*(-6)/5. What is the units digit of 25 - (x - 0)/(-3)?
4
Let x(g) = -g**3 - 6*g**2 + 8. Let r be x(-6). Let y be 34/r + (-2)/8. Suppose -y*m + 50 = m. What is the tens digit of m?
1
Let b(i) = 2*i. Let c be b(1). Suppose -c*o = -37 - 3. What is the tens digit of o?
2
Let d = 0 + 4. Suppose -d*c = -0 + 4. Let k = 10 + c. What is the units digit of k?
9
Let w(n) = 3*n**3 + 5*n**2 + 11*n - 8. Let h(i) = 4*i**3 + 8*i**2 + 16*i - 12. Let c(q) = -5*h(q) + 7*w(q). What is the units digit of c(6)?
2
Suppose -3*a - 19 + 73 = 0. Let x be 24/a + 2/3. What is the units digit of x/(-10) - 180/(-25)?
7
Let v = 6 - 2. What is the units digit of (40/15)/(v/6)?
4
Let l = -1 - -7. Suppose -5*q = -34 - l. What is the units digit of q?
8
Let h(k) = -3*k - 3. Let u be h(-3). Suppose -b + u*a - 3*a + 44 = 0, 0 = b - 2*a - 42. What is the units digit of b?
8
Let m = 0 - -2. Let q be (-19)/(-4) + m/8. Suppose -q*a = -2*a - 6. What is the units digit of a?
2
Let v be 2*(1 + -5)/2. Let x be ((-4)/7)/(v/14). Suppose x*a - 50 = -3*a. What is the tens digit of a?
1
Let s(h) = -2*h**2 - 29*h + 1. Let n(t) = -t**2 - 15*t + 1. Let d(i) = -11*n(i) + 6*s(i). Let m = -41 + 35. What is the units digit of d(m)?
3
Let b(h) = -5 + 0 + 18*h + 3 - 8*h. What is the tens digit of b(3)?
2
Let z(k) = -k + 4. Let t be z(-5). Let w = -4 + t. Let f(s) = s + 3. What is the units digit of f(w)?
8
Suppose -3*t + 11 = m, -3*m - t + 12 = t. Suppose -2 = m*r - r + 3*y, -3*r + y = 6. What is the units digit of ((-6)/r)/1 - -2?
5
Let c(f) be the third derivative of f**4/24 - 4*f**3/3 - 3*f**2. What is the units digit of c(12)?
4
What is the tens digit of (-195)/13*17/(-3)?
8
Let p(d) = d**2 + 6*d - 3. Let x be p(-6). Let g(w) = -w**3 + 2*w**2 + 4*w + 3. What is the tens digit of g(x)?
3
Let w = 219 - 9. What is the tens digit of w?
1
Suppose -4*s - 87 = -l - 0*s, 5*l - 4*s = 499. What is the tens digit of l?
0
Suppose -9*w + 546 = -1857. What is the units digit of w?
7
Suppose -4*l = -5*v - 2 + 3, 5*l - 3*v - 2 = 0. Let k be l*-2 + 0 + 72. Suppose -k = -4*f - f. What is the units digit of f?
4
Let j = -213 + 493. What is the units digit of j?
0
Suppose -m + 5*l = -18, -2*m = -3*l - l - 18. Suppose 0*o = m*o - 27. What is the units digit of o?
9
Suppose 0 = l + 10 + 5. Let f = -9 - l. Let i = f - -4. What is the units digit of i?
0
Let b = -38 - -352. What is the tens digit of b?
1
Suppose 0*n - 10*n + 1200 = 0. What is the tens digit of n?
2
Let p be (2 + 4)*(-8)/(-6). Let h(g) be the second derivative of -g**5/20 + 2*g**4/3 + g**3/6 - 3*g**2/2 - g. What is the units digit of h(p)?
5
Let y = -18 + -6. Let u = -11 - y. What is the units digit of u?
3
Let j(g) = -2*g**2 - 27*g - 19. Let o(v) = v**2 + 13*v + 10. Let x(p) = -2*j(p) - 5*o(p). What is the units digit of x(-9)?
6
Let d(u) = -u**2 + 15*u + 1. Let i be d(7). Let p = i + -29. Suppose 2*l - p = 4*n, -l + 5 + 9 = -3*n. What is the units digit of l?
4
Let t(b) = 2*b + 8. Suppose -l = -2 - 8. What is the tens digit of t(l)?
2
Let r = 85 - -41. What is the hundreds digit of r?
1
Suppose -2*o + 16 = -2*a, -2 - 1 = a - 2*o. Let m = a + 18. What is the units digit of m?
5
Suppose -3*x = -r + 5*r - 164, 4*r + x - 156 = 0. What is the tens digit of r?
3
Let w(n) = -4*n**2 + 3*n + 8. Let s(b) = -9*b**2 + 7*b + 15. Let p(o) = -3*s(o) + 7*w(o). What is the units digit of p(0)?
1
Let k = 8 - 3. Suppose -5*y + d = -34, 0 = -3*y + 5*y - k*d - 32. What is the units digit of y?
6
Suppose -8 - 4 = -2*y. Let c = 6 + y. What is the units digit of c?
2
Let n(q) = q**2 + 6*q - 4. Let k be n(-6). Let f be 1/k - 5/(-4). Suppose u = -5*a + 10, f = -4*u - 2*a + 41. What is the units digit of u?
0
Suppose 0*q + 2*q - r = 7, q - 4*r = 7. Suppose q*d = v - 12, 2*v + d = -d. Suppose 4*n = v*n + 6. What is the units digit of n?
6
Let s be 1/5 + (-12)/(-15). Suppose 0*d = 5*j + d - 9, -d = s. Suppose 0 = -x - 3*q + 10, -4*x - 3*q = -5*x - j. What is the units digit of x?
4
Suppose -2*u - u - 22 = 4*g, -5*g - 30 = 4*u. What is the units digit of u*(3 + 38/(-10))?
8
Suppose -6 + 16 = 5*s. Suppose -2*u + 40 = 2*p - 0*u, -3*u = s*p - 42. What is the units digit of p?
8
Let o = -17 - -90. What is the tens digit of o?
7
Suppose 2*l = -r + 5*r - 148, 4*r - 4*l = 148. What is the tens digit of r?
3
Let z(c) = c**3 + 10*c**2 - 11*c. Let h be z(-11). What is the units digit of h + 2/(2/21)?
1
Let z(f) = -f - 1. Let v(d) = -d**3 + 6*d**2 + 6*d + 2. Let m be (-126)/27*6/(-4). Let y be v(m). What is the units digit of z(y)?
4
Suppose 0 = 